{"id":12,"date":"2025-11-30T16:51:33","date_gmt":"2025-11-30T16:51:33","guid":{"rendered":"https:\/\/www.bunt.rs\/bt13\/?page_id=12"},"modified":"2025-11-30T17:41:49","modified_gmt":"2025-11-30T17:41:49","slug":"program","status":"publish","type":"page","link":"https:\/\/www.bunt.rs\/bt13\/?page_id=12","title":{"rendered":"Program"},"content":{"rendered":"\n<pre class=\"wp-block-preformatted\"><\/pre>\n\n\n<h2 class=\"p3\"><span class=\"s3\">Subota, 29\/11\/2025 20h<\/span><\/h2>\n<h3 class=\"p3\"><span class=\"s3\">IN-fl.uxus &#8211; Konce[r\/p]t-ritual za flautu, traku, re\u010d i skulpturu<\/span><\/h3>\n<h3 class=\"p3\"><span class=\"s3\">Muzej 90-ih (Kneza Milo\u0161a 3)<\/span><\/h3>\n<p class=\"p2\">\u00a0<\/p>\n<p class=\"p3\"><span class=\"s2\"><i>Strahinja Radoi\u010di\u0107, Marko Vesi\u0107, Olga Jankovi\u0107, Matija An\u0111elkovi\u0107, Anja Ran\u0111elovi\u0107, Mateja Nikoli\u0107, Igor Glava\u0161i\u0107, Ana Simid\u017eija i Ana Jankovi\u0107<\/i><\/span><i><\/i><\/p>\n<p class=\"p2\">\u00a0<\/p>\n<h2 class=\"p3\"><span class=\"s3\">Nedelja, 30\/11\/2025 Dvorana AKUD Lola, 11h<\/span><\/h2>\n<h3 class=\"p3\"><span class=\"apple-converted-space\"><b><span style=\"font-family: 'UICTFontTextStyleEmphasizedBody',serif;\">\u00a0<\/span><\/b><\/span><span class=\"s3\">\u201cDan Damjana Dikli\u0107a\u201d<\/span><\/h3>\n<p class=\"p3\"><span class=\"s2\">Jelena Vlaovi\u0107 i njena deca iz Sremske Mitrovice<\/span><span class=\"apple-converted-space\"><span style=\"font-family: 'UICTFontTextStyleBody',serif;\">\u00a0<\/span><\/span><\/p>\n<p class=\"p3\" style=\"padding-left: 40px;\"><span class=\"s2\"><i>\u201cNebograd\u201d &amp; De\u010dja filharmonija: D. Radovi\u0107, M. Ili\u0107 &#8211; Beli: Na slovo na slovo<\/i><\/span><i><\/i><\/p>\n<p class=\"p3\" style=\"padding-left: 40px;\"><span class=\"s2\"><i>Ivan Jevtovi\u0107, Branislava Podrumac, Tamara Radovanovi\u0107, Dragan Ili\u0107 &#8211; Ilke, Ljubi\u0161a Jovanovi\u0107<\/i><\/span><i><\/i><\/p>\n<p class=\"p2\" style=\"padding-left: 40px;\">\u00a0<\/p>\n<p class=\"p2\">\u00a0<\/p>\n<h2 class=\"p3\"><span class=\"s3\">Nedelja, 30\/11\/2025 Dvorana Lola 20h DONATORSKI KONCERT<\/span><\/h2>\n<h3 class=\"p3\"><span class=\"s3\">Flautino Lola klasik, umetni\u010dki rukovodilac Ljubi\u0161a Jovanovi\u0107<\/span><\/h3>\n<p class=\"p3\" style=\"padding-left: 40px;\"><span class=\"s2\"><i>Stevan Stojanovi\u0107 Mokranjac (1856-1914) \/ Milana Stojadinovi\u0107 Mili\u0107 (*1962): Hvalite za hor flauta (2024)<\/i><\/span><i><\/i><\/p>\n<p class=\"p3\" style=\"padding-left: 40px;\"><span class=\"s2\"><i>Milana Stojadinovi\u0107 Mili\u0107: \u201e&#8230; pogled ka nebu&#8230;\u201d za hor flauta (2024)<\/i><\/span><i><\/i><\/p>\n<p class=\"p2\" style=\"padding-left: 40px;\"><i>\u00a0<\/i><span class=\"s2\"><i>J. S. Bach \/ I. Bugarinovi\u0107: Umetnost fuge &#8211; Contrapunctus I<\/i><\/span><i><\/i><\/p>\n<p class=\"p2\" style=\"padding-left: 40px;\"><i>\u00a0<\/i><span class=\"s2\"><i>Ivana Stefanovi\u0107 (*1948): Onome koga nikad nisam videla za hor flauta (2024)<\/i><\/span><i><\/i><\/p>\n<p class=\"p2\" style=\"padding-left: 40px;\"><i>\u00a0<\/i><span class=\"s2\"><i>Aleksandra Vrebalov (*1970): XXII za hor flauta (2015)<\/i><\/span><i><\/i><\/p>\n<p class=\"p2\" style=\"padding-left: 40px;\"><i>\u00a0<\/i><span class=\"s2\"><i>J. S. Bach \/ I. Bugarinovi\u0107: Umetnost fuge &#8211; Contrapunctus IV<\/i><\/span><i><\/i><\/p>\n<p class=\"p2\" style=\"padding-left: 40px;\"><i>\u00a0<\/i><span class=\"s2\"><i>Stevan Stojanovi\u0107 Mokranjac \/ Branka Popovi\u0107 (*1977): II rukovet za hor flauta (2024)<\/i><\/span><i><\/i><\/p>\n<p class=\"p3\" style=\"padding-left: 40px;\"><span class=\"s2\"><i>Branka Popovi\u0107: Osu se nebo zvezdama za hor flauta (2024)<\/i><\/span><i><\/i><\/p>\n<p class=\"p2\" style=\"padding-left: 40px;\"><i>\u00a0<\/i><span class=\"s2\"><i>J. S. Bach \/ I. Bugarinovi\u0107: Umetnost fuge &#8211; Contrapunctus XIX<\/i><\/span><i><\/i><\/p>\n<p class=\"p2\" style=\"padding-left: 40px;\">\u00a0<\/p>\n<h2 class=\"p3\"><span class=\"s3\">Nedelja, 7\/12\/2025 Dvorana Lola 19h<\/span><\/h2>\n<h3 class=\"p3\"><span class=\"s3\">Sokratis Sinopoulos, lyra<\/span><\/h3>\n<h3 class=\"p3\"><span class=\"s3\">Yann Keerim, piano<\/span><\/h3>\n<p class=\"p3\" style=\"padding-left: 40px;\"><em><span class=\"s2\">&#8220;Topos&#8221; &#8211;\u00a0<\/span><span class=\"s2\">based on Bela Bartok&#8217;s\u00a0&#8220;Six Romanian Folk Dances&#8221;<\/span><\/em><\/p>\n<p class=\"p2\">\u00a0<\/p>\n<h2 class=\"p3\"><span class=\"s3\">Nedelja, 7\/12\/2025 Dvorana Lola 20h<\/span><\/h2>\n<h3 class=\"p3\"><span class=\"s3\">Milan Mihajlovi\u0107 80<\/span><\/h3>\n<p class=\"p3\" style=\"padding-left: 40px;\"><span class=\"s2\">Marija \u0160pengler Markovi\u0107, violina, Simonida Rodi\u0107, flauta, Bojana Dimkovi\u0107 \u0160umanjski, \u010dembalo, Strahinja Radoi\u010di\u0107, flauta, Flautino Lola klasik, Ljubi\u0161a Jovanovi\u0107<\/span><\/p>\n<p class=\"p3\" style=\"padding-left: 40px;\"><span class=\"s2\"><i>Bagatele za flautu, pikolo, alt flautu i \u010dembalo<\/i><\/span><i><\/i><\/p>\n<p class=\"p3\" style=\"padding-left: 40px;\"><span class=\"s2\"><i>My melodies za flautu solo<\/i><\/span><i><\/i><\/p>\n<p class=\"p3\" style=\"padding-left: 40px;\"><span class=\"s2\"><i>Tri preludijuma za klavir<\/i><\/span><i><\/i><\/p>\n<p class=\"p3\" style=\"padding-left: 40px;\"><span class=\"s2\"><i>Heruvimska pesma za hor flauta<\/i><\/span><i><\/i><\/p>\n<p class=\"p3\" style=\"padding-left: 40px;\"><span class=\"s2\"><i>Bagatele za violinu i klavir<\/i><\/span><span class=\"apple-converted-space\"><i><span style=\"font-family: 'UICTFontTextStyleBody',serif;\">\u00a0<\/span><\/i><\/span><i><\/i><\/p>\n<p class=\"p2\">\u00a0<\/p>\n<h2 class=\"p3\"><span class=\"s3\">16\/12\/2025 Studio VI 20.30h<\/span><\/h2>\n<h3 class=\"p3\"><span class=\"s3\">Marko D\u017eomba, saksofon<\/span><span class=\"apple-converted-space\"><b><span style=\"font-family: 'UICTFontTextStyleEmphasizedBody',serif;\">\u00a0<\/span><\/b><\/span><\/h3>\n<h3 class=\"p3\"><span class=\"s3\">Kimiko Krutz, klavir<\/span><\/h3>\n<p class=\"p3\" style=\"padding-left: 40px;\"><span class=\"s2\"><i>Nava Hemyari (*1993): contempt (2025)<\/i><\/span><i><\/i><\/p>\n<p class=\"p3\" style=\"padding-left: 40px;\"><span class=\"s2\"><i>P . I. Tschaikowski: Russischer Tanz<\/i><\/span><i><\/i><\/p>\n<p class=\"p3\" style=\"padding-left: 40px;\"><span class=\"s2\"><i>Frederik Abel (*2003): BauCraft (2025)<\/i><\/span><i><\/i><\/p>\n<p class=\"p3\" style=\"padding-left: 40px;\"><span class=\"s2\"><i>Robert Schumann: Adagio und Allegro<\/i><\/span><i><\/i><\/p>\n<p class=\"p3\" style=\"padding-left: 40px;\"><span class=\"s2\"><i>Astor Piazzolla: Adi\u00f3s Nonino<\/i><\/span><i><\/i><\/p>\n<p class=\"p3\" style=\"padding-left: 40px;\"><span class=\"s2\"><i>Erwin Schulhoff: Hot-Sonate<\/i><\/span><i><\/i><\/p>","protected":false},"excerpt":{"rendered":"<p>Subota, 29\/11\/2025 20h IN-fl.uxus &#8211; Konce[r\/p]t-ritual za flautu, traku, re\u010d i skulpturu Muzej 90-ih (Kneza Milo\u0161a 3) \u00a0 Strahinja Radoi\u010di\u0107, Marko Vesi\u0107, [&hellip;]<\/p>\n","protected":false},"author":1,"featured_media":0,"parent":0,"menu_order":0,"comment_status":"closed","ping_status":"closed","template":"page-templates\/page_fullwidth.php","meta":{"footnotes":""},"class_list":["post-12","page","type-page","status-publish","hentry"],"_links":{"self":[{"href":"https:\/\/www.bunt.rs\/bt13\/index.php?rest_route=\/wp\/v2\/pages\/12","targetHints":{"allow":["GET"]}}],"collection":[{"href":"https:\/\/www.bunt.rs\/bt13\/index.php?rest_route=\/wp\/v2\/pages"}],"about":[{"href":"https:\/\/www.bunt.rs\/bt13\/index.php?rest_route=\/wp\/v2\/types\/page"}],"author":[{"embeddable":true,"href":"https:\/\/www.bunt.rs\/bt13\/index.php?rest_route=\/wp\/v2\/users\/1"}],"replies":[{"embeddable":true,"href":"https:\/\/www.bunt.rs\/bt13\/index.php?rest_route=%2Fwp%2Fv2%2Fcomments&post=12"}],"version-history":[{"count":3,"href":"https:\/\/www.bunt.rs\/bt13\/index.php?rest_route=\/wp\/v2\/pages\/12\/revisions"}],"predecessor-version":[{"id":27,"href":"https:\/\/www.bunt.rs\/bt13\/index.php?rest_route=\/wp\/v2\/pages\/12\/revisions\/27"}],"wp:attachment":[{"href":"https:\/\/www.bunt.rs\/bt13\/index.php?rest_route=%2Fwp%2Fv2%2Fmedia&parent=12"}],"curies":[{"name":"wp","href":"https:\/\/api.w.org\/{rel}","templated":true}]}}